ist the prime factors of 111927727.
19, 47, 125339
List the prime factors of 39376921.
39376921
List the prime factors of 3987898597.
3987898597
What are the prime factors of 65387863?
65387863
List the prime factors of 88576370.
2, 5, 8857637
List the prime factors of 137734548.
2, 3, 7, 127, 12911
List the prime factors of 8929643482.
2, 17, 16033, 16381
What are the prime factors of 53017654?
2, 3329, 7963
What are the prime factors of 25368075?
3, 5, 31, 3637
List the prime factors of 14350734.
2, 3, 43, 18541
What are the prime factors of 165776451?
3, 101, 5417
List the prime factors of 199441858.
2, 7, 11, 17, 10883
List the prime factors of 571083451.
571083451
List the prime factors of 4715494710.
2, 3, 5, 1423, 110459
List the prime factors of 82675138.
2, 7, 13, 83, 421
List the prime factors of 2333344445.
5, 466668889
List the prime factors of 301886044.
2, 2957, 25523
What are the prime factors of 486302992?
2, 7, 4341991
What are the prime factors of 2702867776?
2, 7, 83, 72689
List the prime factors of 3337582488.
2, 3, 67, 2075611
What are the prime factors of 236340953?
17, 2557, 5437
List the prime factors of 437393977.
601, 727777
What are the prime factors of 2558362945?
5, 511672589
List the prime factors of 3698843644.
2, 1019, 907469
What are the prime factors of 64860663?
3, 7, 441229
What are the prime factors of 5477062?
2, 977, 2803
What are the prime factors of 171350608?
2, 11, 13, 74891
List the prime factors of 66307077.
3, 7367453
What are the prime factors of 1710210665?
5, 571, 599023
List the prime factors of 29255008.
2, 914219
List the prime factors of 1979362948.
2, 103, 2011, 2389
What are the prime factors of 1913464194?
2, 3, 53, 6017183
List the prime factors of 1396996936.
2, 41, 463, 9199
What are the prime factors of 40386160?
2, 5, 23, 47, 467
List the prime factors of 197325150.
2, 3, 5, 11, 119591
List the prime factors of 63607358.
2, 31803679
What are the prime factors of 30897827?
509, 60703
List the prime factors of 5982676390.
2, 5, 929, 643991
What are the prime factors of 312091131?
3, 11, 19, 409, 1217
List the prime factors of 83526868.
2, 349, 59833
What are the prime factors of 55968171?
3, 7, 61, 43691
What are the prime factors of 23880943?
31, 770353
List the prime factors of 273506553.
3, 37, 53, 15497
List the prime factors of 3077872220.
2, 5, 2063, 74597
What are the prime factors of 610824420?
2, 3, 5, 3393469
List the prime factors of 219419624.
2, 27427453
List the prime factors of 429368802.
2, 3, 19, 151, 24943
What are the prime factors of 2207212259?
7, 315316037
What are the prime factors of 3331490652?
2, 3, 7, 29, 151, 3019
List the prime factors of 120406326.
2, 3, 20067721
List the prime factors of 1050055497.
3, 116672833
What are the prime factors of 1628353247?
571, 691, 4127
List the prime factors of 523766161.
127, 1409, 2927
What are the prime factors of 71814866?
2, 163, 220291
What are the prime factors of 17506166?
2, 8753083
List the prime factors of 332149743.
3, 647, 57041
What are the prime factors of 130885236?
2, 3, 29, 283, 443
List the prime factors of 189232706.
2, 13, 59, 281, 439
What are the prime factors of 58430889?
3, 11, 65579
What are the prime factors of 2276989052?
2, 13, 23, 146449
List the prime factors of 6008163.
3, 7, 286103
List the prime factors of 4428707925.
3, 5, 59049439
What are the prime factors of 46590795?
3, 5, 17, 67, 101
What are the prime factors of 258042252?
2, 3, 13, 17, 97301
List the prime factors of 126165857.
17, 449, 16529
What are the prime factors of 675619090?
2, 5, 29, 53, 113, 389
What are the prime factors of 201865172?
2, 29, 89, 19553
What are the prime factors of 6199201907?
29, 7371227
What are the prime factors of 570651131?
31, 18408101
What are the prime factors of 8417170?
2, 5, 653, 1289
List the prime factors of 2594181276.
2, 3, 24020197
What are the prime factors of 147730351?
631, 234121
What are the prime factors of 152544334?
2, 97, 786311
What are the prime factors of 1256959914?
2, 3, 7, 31, 965407
List the prime factors of 10950955.
5, 2190191
List the prime factors of 500363421.
3, 2003, 83269
What are the prime factors of 1034530550?
2, 5, 43, 481177
What are the prime factors of 173460581?
7, 43, 409, 1409
What are the prime factors of 69693618?
2, 3, 11615603
List the prime factors of 124070205.
3, 5, 7, 168803
What are the prime factors of 1453569283?
3011, 482753
List the prime factors of 195249363.
3, 65083121
List the prime factors of 91703489.
2251, 40739
What are the prime factors of 46905433?
19, 2468707
List the prime factors of 1237906924.
2, 19, 3803, 4283
What are the prime factors of 1437093918?
2, 3, 13, 19, 323233
What are the prime factors of 58132989?
3, 19, 339959
List the prime factors of 126262550.
2, 5, 103, 24517
What are the prime factors of 1075586043?
3, 7, 1051, 48733
What are the prime factors of 454600123?
9539, 47657
List the prime factors of 699820419.
3, 17, 103, 127, 1049
What are the prime factors of 52007239?
47, 89, 12433
List the prime factors of 694475337.
3, 47, 103, 47819
List the prime factors of 63999950.
2, 5, 7, 182857
List the prime factors of 622769652.
2, 3, 17299157
What are the prime factors of 135796197?
3, 1049, 43151
List the prime factors of 88154040.
2, 3, 5, 13, 56509
List the prime factors of 75605120.
2, 5, 17, 6949
List the prime factors of 178557485.
5, 83, 430259
List the prime factors of 92174891.
113, 239, 3413
What are the prime factors of 529483542?
2, 3, 7, 37, 340723
List the prime factors of 66342522.
2, 3, 683, 16189
List the prime factors of 3241281977.
367, 8831831
List the prime factors of 71367664.
2, 4460479
List the prime factors of 444376942.
2, 41, 1373, 3947
List the prime factors of 191565157.
7, 558499
What are the prime factors of 58513200?
2, 3, 5, 48761
List the prime factors of 570213160.
2, 5, 11, 293, 4423
List the prime factors of 3076295107.
37, 1867, 44533
What are the prime factors of 23125605?
3, 5, 1541707
List the prime factors of 49333054.
2, 24666527
List the prime factors of 1214056393.
11, 59, 503, 3719
What are the prime factors of 352465878?
2, 3, 47, 521, 2399
List the prime factors of 122661507.
3, 23, 1777703
What are the prime factors of 540935147?
89, 97, 62659
What are the prime factors of 12028828?
2, 7, 353, 1217
List the prime factors of 216346674.
2, 3, 43, 838553
List the prime factors of 120712823.
7, 11, 281, 797
What are the prime factors of 260403570?
2, 3, 5, 7, 103, 4013
What are the prime factors of 69466795?
5, 151, 92009
What are the prime factors of 139056882?
2, 3, 419, 55313
What are the prime factors of 68051873?
137, 251, 1979
List the prime factors of 153973246.
2, 7, 977, 11257
What are the prime factors of 28840771?
1879, 15349
List the prime factors of 8756846.
2, 7, 625489
List the prime factors of 500646940.
2, 5, 17, 1472491
What are the prime factors of 5750690704?
2, 11, 811, 40289
What are the prime factors of 734026216?
2, 7, 11, 1191601
List the prime factors of 2255691430.
2, 5, 269, 838547
What are the prime factors of 28403671?
28403671
List the prime factors of 797994406.
2, 11, 36272473
What are the prime factors of 581212799?
581212799
What are the prime factors of 782528852?
2, 7, 27947459
List the prime factors of 399731825.
5, 31, 515783
What are the prime factors of 1418690120?
2, 5, 17, 409, 5101
What are the prime factors of 5376164950?
2, 5, 13, 19, 435317
What are the prime factors of 2325152422?
2, 10501, 110711
List the prime factors of 10267789.
7, 31, 47317
What are the prime factors of 382444591?
73, 5238967
List the prime factors of 1243892498.
2, 97, 1277, 5021
List the prime factors of 213869034.
2, 3, 3433, 3461
What are the prime factors of 201921273?
3, 1051, 21347
List the prime factors of 2761443534.
2, 3, 460240589
What are the prime factors of 187743022?
2, 8447, 11113
What are the prime factors of 1788554155?
5, 359, 996409
List the prime factors of 52814443.
11, 436483
What are the prime factors of 57156945?
3, 5, 3810463
List the prime factors of 4600173858.
2, 3, 7, 109527949
List the prime factors of 46856791.
47, 996953
List the prime factors of 2123662727.
6469, 328283
List the prime factors of 1789717682.
2, 59, 